 be i(y). Let s = w + 301. What is the tens digit of s?
3
Let i(m) = -42*m**3 + 19*m**2 + 76*m + 11. What is the hundreds digit of i(-5)?
3
Suppose 2*s = 4*t - 7*t - 10, -25 = -2*t + 5*s. Suppose -11*c + 13*c - 174 = t. What is the tens digit of c?
8
Let f be (48/(-2))/(-4) - 1. Suppose -8 = -2*o - 4*i, -2*o - f*i = -10*i + 19. Let r = 105 + o. What is the hundreds digit of r?
1
Let g(y) = -2*y**2 - y + 1. Let t be g(-1). Suppose t = 4*j - 2*r - 184, -j + r = 4*j - 230. What is the units digit of j?
6
Let a(m) = -m**3 + 7*m**2 + 9*m - 9. Let q be a(8). Let u be -8*6/(q - 11). Suppose 1216 = u*z - 0*z. What is the tens digit of z?
0
Let n(i) = 53*i - 87. Let c be (-54)/4*(-5)/(150/20). What is the units digit of n(c)?
0
Let j be 16/(-24)*3*-8236. Suppose -8*q - 456 = -j. What is the tens digit of q?
0
Let n = 14812 + -5400. What is the tens digit of n?
1
Suppose 5*i + 3*i = -3896. Let o = -170 - i. What is the hundreds digit of o?
3
Let o be 300/5*(2/4 - 0). Suppose -5*l - o + 10 = 0. What is the units digit of (-42579)/(-405) + l/30?
5
Let b(p) = 10*p**2 + 2*p + 5. Let r be b(-3). Suppose -4*v - r = -17. What is the units digit of (-2793)/v - -2*3/(-36)?
5
Let d = 80810 - 43476. What is the units digit of d?
4
Suppose -2*m - 21 = -25. Suppose -a - 2 = 3, -m*c + 3*a = -111. What is the tens digit of c?
4
Let d be 2/10 + 18564/(-20). Let h = -318 - d. Suppose 4*w + 194 - h = 0. What is the tens digit of w?
0
Suppose -38*i + 31*i - 133 = 0. What is the tens digit of ((-13)/5 + 1)/(i/2185)?
8
Let k(n) = -3*n**2 - 28*n + 73922. What is the hundreds digit of k(0)?
9
Let p(q) = 1004*q - 722. What is the units digit of p(7)?
6
Let s = -32 + 39. Suppose s - 19 = 4*g, 3*b = -5*g - 198. Let m = b + 129. What is the tens digit of m?
6
Let g be (-140)/(-28) + -422 + -2. Let t = g + 1182. What is the tens digit of t?
6
Let w = 974 + -640. Suppose -5*p + 246 = -w. Let y = p - 11. What is the tens digit of y?
0
Suppose h = p, 0*h - 24 = -3*p - 5*h. Suppose 3*t = -2*b + 732 - 85, -1018 = -p*b + 5*t. What is the units digit of b?
1
Let c = -178 - -182. Suppose c*w + 4*b = 168, 4*w + b - 100 = 59. What is the units digit of w?
9
Let j(l) = 65*l - 117. Let w be j(40). Let d = w - 1707. What is the tens digit of d?
7
Suppose -3*t + 18068 = -11305. What is the hundreds digit of t?
7
Let a be (31 - 7 - -2)*67. Let k = 3352 - a. What is the thousands digit of k?
1
Let j = -48 + -44. Let p = 9 - j. What is the tens digit of p?
0
Suppose 68560 = 77*d - 74198. What is the hundreds digit of d?
8
Let w(f) be the first derivative of -f**4/4 - 2*f**3 - 5*f**2/2 + 6*f + 21. Let j be w(-5). What is the tens digit of (9 + j)*153/15?
5
Let f be 4*(-2)/(28/(-1757)). Suppose 14 = 4*o - 2, 3*o = -2*j + f. What is the hundreds digit of j?
2
Let s = -63 + 226. Suppose -5*x + s = 33. Let v = x - 24. What is the units digit of v?
2
Suppose 0 = -3*i - 2*u + 7*u - 369, -4*i - 5*u = 492. Let c = -38 + 181. Let d = i + c. What is the tens digit of d?
2
Suppose -248*p + 133*p = -144*p + 534006. What is the tens digit of p?
1
Let w(o) = 272*o**2 - 13*o - 193. What is the hundreds digit of w(10)?
8
Let d(g) = -g**3 + 3*g**2 - 4*g - 8. Let l be d(-4). Suppose -5*o + p + 1678 = 0, 0 = 4*o + 2*p - 1454 + l. What is the tens digit of o?
3
Let a = 98580 - 41070. What is the tens digit of a?
1
Suppose 22 + 9 = 5*g - 2*y, 5*g - 4*y = 37. Suppose -d + 1361 = 4*v, 682 = g*v - 3*v + 2*d. What is the hundreds digit of v?
3
Let m = -20 - 55. Let t = -91 - m. Let h(n) = -n**3 - 15*n**2 + 16*n + 20. What is the tens digit of h(t)?
2
Suppose -803 = 5*v - 2*u, 3*v + 0*u = 2*u - 481. Let x = v - -258. What is the units digit of x?
7
Let w = -3212 + 3441. What is the hundreds digit of w?
2
Suppose 9*o - 19276 = 9333 - 628. What is the units digit of o?
9
Let f = -8568 + 10171. What is the hundreds digit of f?
6
Suppose -a = 41*a - 5334. Suppose a*d - 6524 = 120*d. What is the tens digit of d?
3
Suppose 0 = 4*c + 2*w - 78, 0*c = 5*c - 2*w - 84. Let f = c + -22. What is the tens digit of f/(12/15)*(-237)/15?
7
Let j(v) = -7 - 22 - 8 - 42 - 106*v. What is the tens digit of j(-11)?
8
Let h(o) = o**3 + 5*o**2 + 2*o - 5. Suppose 0 = 13*t - 3*t + 40. Let c be h(t). What is the tens digit of c + (-14)/(-6 - -4)?
1
Let o(s) = -2523*s - 28. What is the ten thousands digit of o(-5)?
1
Suppose 484*w + 1020 = 481*w. What is the units digit of (-16)/12 + (-7)/(84/w)?
7
Suppose -5*i = 2*j + 7036 - 175, 4*i - 2*j + 5478 = 0. Let k = -738 - i. What is the hundreds digit of k?
6
Suppose -5*j + 65 = -5*t, 4*j + 4*t = 6*t + 54. What is the hundreds digit of (j/(-4))/(-2*(-4)/(-1552))?
6
Suppose -33 = -2*t + 5*c - 37, t - 9 = -3*c. Suppose -12*p - 3144 = -5*n - 8*p, 0 = -t*n + 3*p + 1887. What is the hundreds digit of n?
6
Suppose -3*v - 2*w = -35202, 935*v = 938*v - w - 35211. What is the tens digit of v?
3
Suppose -342*t + 3*t = -2027898. What is the hundreds digit of t?
9
Suppose -11*u + 548 = -77981. What is the hundreds digit of u?
1
Let w = -22487 + 34948. What is the ten thousands digit of w?
1
Let z = -24649 - -35538. What is the hundreds digit of z?
8
Let z(a) = a**3 + 14*a**2 + 27*a - 4. Let s be z(-13). Let f be (9 - 8)/((-2)/s). Suppose 0 = -h + q + f, q = 2*h + 3*q - 166. What is the tens digit of h?
8
Let k(n) = -7*n + 3536. What is the units digit of k(0)?
6
Let a(t) be the third derivative of t**6/120 - t**5/5 + 19*t**4/24 + 3*t**3/2 - t**2. Let m be a(10). What is the tens digit of m/2 - (2205/(-10) + 8)?
1
Let q be (-2 - -6)*679/14. Let o be (4 - 2)/(4/q). Let r = o + -46. What is the tens digit of r?
5
Suppose 239*d - 402928 = 223*d. What is the units digit of d?
3
Suppose -3*i = -i - 1236. Let l = i + -290. What is the hundreds digit of l?
3
What is the thousands digit of (-11860)/(-5) + 4 + -17?
2
Let p = -420 - -640. Let h = p + 298. What is the units digit of h?
8
Let d = 51618 - 20494. What is the hundreds digit of d?
1
Let g = -59 - -63. Suppose 0 = 3*v - g*n - 39, 6*v + 3*n - 77 = 2*v. Suppose 10*x + 539 = v*x. What is the tens digit of x?
7
Let s(n) = -626*n. Let u(y) = 5*y - 16. Let k be u(3). What is the units digit of s(k)?
6
Let x = -43 - -57. Suppose t + 0*t - x = 2*y, -75 = -5*t + 5*y. Let f(i) = i**3 - 17*i**2 + 22*i - 12. What is the tens digit of f(t)?
8
Let g(t) be the first derivative of t**3 - t**2/2 + 4*t + 7. Let c(r) = r**2 + r - 1. Let s(f) = 4*c(f) - g(f). What is the tens digit of s(-10)?
4
Let p(y) = -2*y**3 + y**2 - 3. Let n be p(0). Let d(z) = 74*z**2 + 5*z - 5. What is the tens digit of d(n)?
4
Suppose -3*o = -o - 3*k, 2*k - 1 = o. Suppose -215 - 133 = o*h. What is the tens digit of (8/4 - h)*1/2?
5
Let n(j) = 3*j**2 - 15*j + 485 - 6*j**3 + 7*j - 488. What is the hundreds digit of n(-5)?
8
What is the hundreds digit of ((-420)/120)/(-1 + 39342/9836 + -3)?
2
Let l(x) = 9*x + 4 + 18*x - 17 + 7*x. Let i be l(2). Suppose -v + 87 = 4*w, v + 2*w = 22 + i. What is the tens digit of v?
6
What is the ten thousands digit of 313/(7*(-4)/(-896))?
1
Let n = -76349 - -131228. What is the tens digit of n?
7
Let v = -30 - 15. Let b = v - -449. What is the tens digit of b?
0
Let o(g) = 277*g**3 - 2*g**2 - 115*g + 341. What is the units digit of o(3)?
7
Let m(p) = -p**3 - p**2 + 76. Let t be m(0). Suppose -147*w = -146*w - 3. Suppose -7*b = -w*b - t. What is the tens digit of b?
1
Let m(f) be the second derivative of -f**4/12 - 11*f**3/6 - 7*f**2 - 9*f. Let k be m(-10). What is the hundreds digit of (1 - (-5 + 3)) + (168 - k)?
1
Suppose -3*t - 48 = 2*y, 10*t + 2*y - 50 = 14*t. What is the units digit of 52/10*(-245)/t?
1
Suppose -379*z + 25 = -374*z. Suppose -z*o - 9072 = -19*o. What is the tens digit of o?
4
Let s(i) = -31*i + 8588. What is the hundreds digit of s(25)?
8
Suppose -2*p + 26190 = -12*p. Let x = -1320 - p. What is the units digit of x?
9
Let k = 4914 + 4253. What is the thousands digit of k?
9
Suppose -360*x + 2601821 = -2949019. What is the hundreds digit of x?
4
Suppose 13*o = 2*o. Let l be (-29)/(-2)*(8 + 12). Suppose o = 9*u - l - 727. What is the hundreds digit of u?
1
Let k be 1/(-7) + 3352/(-56). What is the tens digit of (22760/k)/(7/(42/(-4)))?
6
Suppose 298 + 178 = -34*g. Let y = 443 - g. What is the hundreds digit of y?
4
Let w be ((-14)/5)/(6/30). Let j(l) = 3*l + 3. L